{"id":37,"date":"2022-12-19T02:32:04","date_gmt":"2022-12-19T02:32:04","guid":{"rendered":"https:\/\/gaviaspreview.com\/wp\/boliin\/?page_id=37"},"modified":"2022-12-19T02:32:04","modified_gmt":"2022-12-19T02:32:04","slug":"rooms-page","status":"publish","type":"page","link":"https:\/\/superumrah.com\/?page_id=37","title":{"rendered":"Rooms Page"},"content":{"rendered":"\t\t<div data-elementor-type=\"wp-page\" data-elementor-id=\"37\" class=\"elementor elementor-37\">\n\t\t\t\t\t\t<div class=\"elementor-inner\">\n\t\t\t\t<div class=\"elementor-section-wrap\">\n\t\t\t\t\t\t\t\t\t<section class=\"elementor-section elementor-top-section elementor-element elementor-element-d0188a8 elementor-section-boxed elementor-section-height-default elementor-section-height-default\" data-id=\"d0188a8\" data-element_type=\"section\" data-settings=\"{&quot;background_background&quot;:&quot;slideshow&quot;,&quot;background_slideshow_gallery&quot;:[{&quot;id&quot;:177,&quot;url&quot;:&quot;https:\\\/\\\/gaviaspreview.com\\\/wp\\\/boliin\\\/wp-content\\\/uploads\\\/2023\\\/01\\\/breadcrumb-01.jpg&quot;},{&quot;id&quot;:178,&quot;url&quot;:&quot;https:\\\/\\\/gaviaspreview.com\\\/wp\\\/boliin\\\/wp-content\\\/uploads\\\/2023\\\/01\\\/breadcrumb-02.jpg&quot;}],&quot;background_slideshow_lazyload&quot;:&quot;yes&quot;,&quot;background_slideshow_ken_burns&quot;:&quot;yes&quot;,&quot;background_slideshow_loop&quot;:&quot;yes&quot;,&quot;background_slideshow_slide_duration&quot;:5000,&quot;background_slideshow_slide_transition&quot;:&quot;fade&quot;,&quot;background_slideshow_transition_duration&quot;:500,&quot;background_slideshow_ken_burns_zoom_direction&quot;:&quot;in&quot;}\">\n\t\t\t\t\t\t<div class=\"elementor-container elementor-column-gap-default\">\n\t\t\t\t\t\t\t<div class=\"elementor-row\">\n\t\t\t\t\t<div class=\"elementor-column elementor-col-100 elementor-top-column elementor-element elementor-element-4629001\" data-id=\"4629001\" data-element_type=\"column\">\n\t\t\t<div class=\"elementor-column-wrap elementor-element-populated\">\n\t\t\t\t\t\t\t<div class=\"elementor-widget-wrap\">\n\t\t\t\t\t\t<div class=\"elementor-element elementor-element-ac1d607 elementor-widget elementor-widget-gva-heading-block\" data-id=\"ac1d607\" data-element_type=\"widget\" data-widget_type=\"gva-heading-block.default\">\n\t\t\t\t<div class=\"elementor-widget-container\">\n\t\t\t<div class=\"gva-element-gva-heading-block gva-element\">   <div class=\"align-center style-1 widget gsc-heading box-align-left auto-responsive\">\r\n      <div class=\"content-inner\">\r\n         \r\n                  \r\n           \r\n         \r\n                     <h2 class=\"title\">\r\n               <span>Explore The Worlds<\/span>\r\n            <\/h2>\r\n                  \r\n                     <div class=\"title-desc\">People Don\u2019t Take, Trips Take People<\/div>\r\n         \r\n         \r\n      <\/div>\r\n   <\/div>\r\n<\/div>\t\t<\/div>\n\t\t\t\t<\/div>\n\t\t\t\t\t\t<\/div>\n\t\t\t\t\t<\/div>\n\t\t<\/div>\n\t\t\t\t\t\t\t\t<\/div>\n\t\t\t\t\t<\/div>\n\t\t<\/section>\n\t\t\t\t<section class=\"elementor-section elementor-top-section elementor-element elementor-element-9bd2115 elementor-section-boxed elementor-section-height-default elementor-section-height-default\" data-id=\"9bd2115\" data-element_type=\"section\">\n\t\t\t\t\t\t<div class=\"elementor-container elementor-column-gap-default\">\n\t\t\t\t\t\t\t<div class=\"elementor-row\">\n\t\t\t\t\t<div class=\"elementor-column elementor-col-100 elementor-top-column elementor-element elementor-element-90adad2\" data-id=\"90adad2\" data-element_type=\"column\">\n\t\t\t<div class=\"elementor-column-wrap elementor-element-populated\">\n\t\t\t\t\t\t\t<div class=\"elementor-widget-wrap\">\n\t\t\t\t\t\t<div class=\"elementor-element elementor-element-1e52725 elementor-widget elementor-widget-gva_ba_search_form\" data-id=\"1e52725\" data-element_type=\"widget\" data-widget_type=\"gva_ba_search_form.default\">\n\t\t\t\t<div class=\"elementor-widget-container\">\n\t\t\t<div class=\"gva-element-gva_ba_search_form gva-element\"><div class=\"boliin-search-form-wrap\" style=\"opacity: 0;filter: alpha(opacity=0);\"><div id=\"search-box\" class=\"babe-search-box boliin-search-form layout-1 hidden-tab-yes\">\t\t\t\t\t\t\n\t\t\t\t\n                <div id=\"search_form_tabs\"><span class=\"search_form_tab is-active\" data-tab-slug=\"rooms\" data-tab-categories=\"21\">Rooms<\/span><\/div>\n                <form name=\"search_form\" action=\"\" method=\"get\" id=\"search_form\" class=\"babe-search-form \">\n\t\t\t<div class=\"input-group\">\n\t\t\t\t\t<div class=\"add_input_field is-active \" data-inputfield=\"1\" data-active-rooms=\"1\" data-title-rooms=\"Locations\" data-tax=\"ba_location\" >\n                    <div class=\"add_ids_title\">\n                        <div class=\"add_ids_title_value\">Locations<\/div><i class=\"fas fa-chevron-down\"><\/i>\n                        <ul id=\"add_ids_list_ba_location\" class=\"add_ids_list\" data-parent=\"0\">\n        <li class=\"term_item term_item_all\" data-id=\"0\">Locations<\/li><li class=\"term_item term_item_level_0\" data-id=\"22\">Adenya Hotel Resort &amp; Spa<\/li><li class=\"term_item term_item_level_0\" data-id=\"23\">Adin Beach Hotel<\/li><li class=\"term_item term_item_level_0\" data-id=\"24\">Wome Deluxe<\/li>\n        <\/ul>\n                        <input type=\"hidden\" class=\"input_select_input_value\" name=\"add_ids_ba_location\" value=\"0\">\n                      <\/div>  \t\n\t\t\t\t\t<\/div>\n\t\t\t\t\n                    <div class=\"search-date search_date_wrapper_date_from is-active\" data-inputfield=\"1\" data-active-rooms=\"1\" data-title-rooms=\"Giri\u015f Tarihi\">\n                        <i class=\"bicon-calendar-1\"><\/i><input type=\"text\" class=\"search_date\" id=\"date_from\" name=\"date_from\" value=\"\" placeholder=\"Giri\u015f Tarihi\">\n\t\t\t\t\t<\/div>\n                    <div class=\"search-date search_date_wrapper_date_to is-active\" data-inputfield=\"1\" data-active-rooms=\"1\" data-title-rooms=\"\u00c7\u0131k\u0131\u015f Tarihi\">\n                        <i class=\"bicon-calendar-1\"><\/i><input type=\"text\" class=\"search_date\" id=\"date_to\" name=\"date_to\" value=\"\" placeholder=\"\u00c7\u0131k\u0131\u015f Tarihi\">\n\t\t\t\t\t<\/div>\n                  <div class=\"search_guests_field is-active\" data-active-rooms=\"1\" data-title-rooms=\"Guests\" >\n\t\t\t\t\t  <div ><div class=\"search_guests_title\">Guests<\/div>&#160;<span class=\"search_guests_title_value\">0<\/span>\n\t\t                  <div class=\"search_guests_select_wrapper close_by_apply_btn\">\n\t\t                      \n                       <div class=\"input_select_field input_select_field_guests is-active\" data-name=\"guests[0]\" data-inputfield=\"1\" data-active-rooms=\"1\" data-title-rooms=\"Guests\">\n                          <span class=\"select_guests_value\">0<\/span>\n                          <span class=\"select_guests_title\">Guests<\/span>\n                          <span class=\"search_guests_plus btn-search-guests-change btn btn-secondary-outlined\" ><i class=\"fas fa-plus\"><\/i><\/span>\n                          <span class=\"search_guests_minus btn-search-guests-change btn btn-secondary-outlined\" ><i class=\"fas fa-minus\"><\/i><\/span>\n                          <input type=\"hidden\" class=\"select_guests_input_value\" name=\"guests[0]\" value=\"0\">\n                       <\/div>\n\t\t                      <div class=\"search_guests_apply\">\n\t\t                         <button class=\"btn button btn-primary search_apply_btn\">Apply<\/button>\n\t\t                      <\/div>\n\t\t                  <\/div>\t\n\t                  <\/div>\n\t\t\t\t  <\/div>\n                  \n                    <div class=\"submit\">\n\t\t\t\t\t  <button name=\"submit\" class=\"btn button btn-primary btn-search\" value=\"1\"><i class=\"fas fa-search\"><\/i> <\/button>\n\t\t\t\t    <\/div>\n\t\t\t\t<\/div>\n                \n                \n                \n                <input type=\"hidden\" name=\"request_search_results\" value=\"1\">\n                <input type=\"hidden\" name=\"search_results_sort_by\" value=\"title_asc\"><input type=\"hidden\" name=\"search_tab\" value=\"rooms\">   \n\t\t<\/form>\n\t\t\t\t\t<\/div><div class=\"data-hidden\" data-hidden-tax=\"[]\"><\/div><div class=\"form-fields-title hidden\"><span class=\"ba_amenities_title\">Amenities<\/span><span class=\"ba_location_title\">Location<\/span><span class=\"search_box_title\">Where are you going?<\/span><span class=\"date_from_title\">Checkin<\/span><span class=\"date_to_title\">Checkout<\/span><\/div><\/div><\/div>\t\t<\/div>\n\t\t\t\t<\/div>\n\t\t\t\t\t\t<\/div>\n\t\t\t\t\t<\/div>\n\t\t<\/div>\n\t\t\t\t\t\t\t\t<\/div>\n\t\t\t\t\t<\/div>\n\t\t<\/section>\n\t\t\t\t<section class=\"elementor-section elementor-top-section elementor-element elementor-element-0a1772c elementor-section-boxed elementor-section-height-default elementor-section-height-default\" data-id=\"0a1772c\" data-element_type=\"section\">\n\t\t\t\t\t\t<div class=\"elementor-container elementor-column-gap-default\">\n\t\t\t\t\t\t\t<div class=\"elementor-row\">\n\t\t\t\t\t<div class=\"elementor-column elementor-col-100 elementor-top-column elementor-element elementor-element-3073e6e\" data-id=\"3073e6e\" data-element_type=\"column\">\n\t\t\t<div class=\"elementor-column-wrap elementor-element-populated\">\n\t\t\t\t\t\t\t<div class=\"elementor-widget-wrap\">\n\t\t\t\t\t\t<div class=\"elementor-element elementor-element-dd0463c elementor-widget elementor-widget-gva_ba_search_results\" data-id=\"dd0463c\" data-element_type=\"widget\" data-widget_type=\"gva_ba_search_results.default\">\n\t\t\t\t<div class=\"elementor-widget-container\">\n\t\t\t<div class=\"gva-element-gva_ba_search_results gva-element\"><h2 class=\"empty-list\">No available tours<\/h2><p>It seems we can\u2019t find what you\u2019re looking for. <\/p><\/div>\t\t<\/div>\n\t\t\t\t<\/div>\n\t\t\t\t\t\t<\/div>\n\t\t\t\t\t<\/div>\n\t\t<\/div>\n\t\t\t\t\t\t\t\t<\/div>\n\t\t\t\t\t<\/div>\n\t\t<\/section>\n\t\t\t\t<section class=\"elementor-section elementor-top-section elementor-element elementor-element-dfd2725 elementor-section-boxed elementor-section-height-default elementor-section-height-default\" data-id=\"dfd2725\" data-element_type=\"section\">\n\t\t\t\t\t\t<div class=\"elementor-container elementor-column-gap-default\">\n\t\t\t\t\t\t\t<div class=\"elementor-row\">\n\t\t\t\t\t<div class=\"elementor-column elementor-col-50 elementor-top-column elementor-element elementor-element-a792be1\" data-id=\"a792be1\" data-element_type=\"column\" data-settings=\"{&quot;background_background&quot;:&quot;classic&quot;}\">\n\t\t\t<div class=\"elementor-column-wrap elementor-element-populated\">\n\t\t\t\t\t\t\t<div class=\"elementor-widget-wrap\">\n\t\t\t\t\t\t<div class=\"elementor-element elementor-element-cc4d576 elementor-widget__width-initial elementor-absolute elementor-widget elementor-widget-text-editor\" data-id=\"cc4d576\" data-element_type=\"widget\" data-settings=\"{&quot;_position&quot;:&quot;absolute&quot;}\" data-widget_type=\"text-editor.default\">\n\t\t\t\t<div class=\"elementor-widget-container\">\n\t\t\t\t\t\t\t\t<div class=\"elementor-text-editor elementor-clearfix\">\n\t\t\t\t<div>Boliin is providing the best solution by our experts<\/div>\t\t\t\t\t<\/div>\n\t\t\t\t\t\t<\/div>\n\t\t\t\t<\/div>\n\t\t\t\t<div class=\"elementor-element elementor-element-8e5a07c elementor-widget elementor-widget-spacer\" data-id=\"8e5a07c\" data-element_type=\"widget\" data-widget_type=\"spacer.default\">\n\t\t\t\t<div class=\"elementor-widget-container\">\n\t\t\t\t\t<div class=\"elementor-spacer\">\n\t\t\t<div class=\"elementor-spacer-inner\"><\/div>\n\t\t<\/div>\n\t\t\t\t<\/div>\n\t\t\t\t<\/div>\n\t\t\t\t\t\t<\/div>\n\t\t\t\t\t<\/div>\n\t\t<\/div>\n\t\t\t\t<div class=\"elementor-column elementor-col-50 elementor-top-column elementor-element elementor-element-be302ff\" data-id=\"be302ff\" data-element_type=\"column\">\n\t\t\t<div class=\"elementor-column-wrap elementor-element-populated\">\n\t\t\t\t\t\t\t<div class=\"elementor-widget-wrap\">\n\t\t\t\t\t\t<div class=\"elementor-element elementor-element-6b0d3ab elementor-widget elementor-widget-gva-heading-block\" data-id=\"6b0d3ab\" data-element_type=\"widget\" data-widget_type=\"gva-heading-block.default\">\n\t\t\t\t<div class=\"elementor-widget-container\">\n\t\t\t<div class=\"gva-element-gva-heading-block gva-element\">   <div class=\"align-left style-1 widget gsc-heading box-align-left auto-responsive\">\r\n      <div class=\"content-inner\">\r\n         \r\n                  \r\n         <div class=\"heading-icon\"><span><img decoding=\"async\" src=\"https:\/\/superumrah.com\/wp-content\/plugins\/boliin-themer\/elementor\/assets\/images\/icon-heading.png\" alt=\"Great opportunity for adventure &amp; travels\" \/><\/span><\/div><div class=\"sub-title\"><span class=\"tagline\">Company introduction<\/span><\/div>  \r\n         \r\n                     <h2 class=\"title\">\r\n               <span>Great opportunity for adventure & travels<\/span>\r\n            <\/h2>\r\n                  \r\n         \r\n         \r\n      <\/div>\r\n   <\/div>\r\n<\/div>\t\t<\/div>\n\t\t\t\t<\/div>\n\t\t\t\t<div class=\"elementor-element elementor-element-b2987ec elementor-widget elementor-widget-text-editor\" data-id=\"b2987ec\" data-element_type=\"widget\" data-widget_type=\"text-editor.default\">\n\t\t\t\t<div class=\"elementor-widget-container\">\n\t\t\t\t\t\t\t\t<div class=\"elementor-text-editor elementor-clearfix\">\n\t\t\t\t<div>COMMITTED TO PROVIDING OUR CUSTOMERS WITH EXCEPTIONAL SERVICE.<\/div>\t\t\t\t\t<\/div>\n\t\t\t\t\t\t<\/div>\n\t\t\t\t<\/div>\n\t\t\t\t<div class=\"elementor-element elementor-element-4126cb3 elementor-widget elementor-widget-text-editor\" data-id=\"4126cb3\" data-element_type=\"widget\" data-widget_type=\"text-editor.default\">\n\t\t\t\t<div class=\"elementor-widget-container\">\n\t\t\t\t\t\t\t\t<div class=\"elementor-text-editor elementor-clearfix\">\n\t\t\t\t<div>There are many variations of passages of lorem free market to available, but the majority have alteration in some form, by injected humour, or randomised words<\/div>\t\t\t\t\t<\/div>\n\t\t\t\t\t\t<\/div>\n\t\t\t\t<\/div>\n\t\t\t\t<div class=\"elementor-element elementor-element-2dd7bbb elementor-widget elementor-widget-progress\" data-id=\"2dd7bbb\" data-element_type=\"widget\" data-widget_type=\"progress.default\">\n\t\t\t\t<div class=\"elementor-widget-container\">\n\t\t\t\t\t\t<span class=\"elementor-title\" id=\"elementor-progress-bar-2dd7bbb\">\n\t\t\t\tSaticfied Clients\t\t\t<\/span>\n\t\t\n\t\t<div aria-labelledby=\"elementor-progress-bar-2dd7bbb\" class=\"elementor-progress-wrapper\" role=\"progressbar\" aria-valuemin=\"0\" aria-valuemax=\"100\" aria-valuenow=\"82\" aria-valuetext=\"82% (Web Designer)\">\n\t\t\t<div class=\"elementor-progress-bar\" data-max=\"82\">\n\t\t\t\t<span class=\"elementor-progress-text\">Web Designer<\/span>\n\t\t\t\t\t\t\t\t\t<span class=\"elementor-progress-percentage\">82%<\/span>\n\t\t\t\t\t\t\t<\/div>\n\t\t<\/div>\n\t\t\t\t<\/div>\n\t\t\t\t<\/div>\n\t\t\t\t<div class=\"elementor-element elementor-element-75fa1a3 elementor-widget__width-auto elementor-widget elementor-widget-gva-image-content\" data-id=\"75fa1a3\" data-element_type=\"widget\" data-widget_type=\"gva-image-content.default\">\n\t\t\t\t<div class=\"elementor-widget-container\">\n\t\t\t<div class=\"gva-element-gva-image-content gva-element\">\t\t\r\n\t  \r\n\t \r\n\r\n\t \r\n\r\n\t\r\n\t \r\n  \r\n  \t<div class=\"about-five__single\">\r\n  \t\t<div class=\"about-five__content\">\r\n\t\t \t<div class=\"about-five__image\"><div class=\"about-five__image-inner\"><img decoding=\"async\" src=\"https:\/\/superumrah.com\/wp-content\/uploads\/2023\/01\/avatar.jpg\" title=\"avatar\" alt=\"avatar\" loading=\"lazy\" \/><\/div><\/div><div class=\"about-five__content-inner\"><h2 class=\"about-five__title\">Aleesha brown<\/h2><div class=\"about-five__desc\">CEO &amp; CO Founder<\/div><\/div>\t\t  <a href=\"#\" class=\"about-five__link\"><\/a>\r\n\t\t  \t <\/div>  \r\n  <\/div>\r\n \r\n\r\n\r\n <\/div>\t\t<\/div>\n\t\t\t\t<\/div>\n\t\t\t\t<div class=\"elementor-element elementor-element-36e244d elementor-widget__width-auto elementor-widget elementor-widget-html\" data-id=\"36e244d\" data-element_type=\"widget\" data-widget_type=\"html.default\">\n\t\t\t\t<div class=\"elementor-widget-container\">\n\t\t\t<a class=\"btn-theme\" href=\"https:\/\/gaviaspreview.com\/wp\/boliin\/about\/\">\n    Discover More\n<\/a>\t\t<\/div>\n\t\t\t\t<\/div>\n\t\t\t\t\t\t<\/div>\n\t\t\t\t\t<\/div>\n\t\t<\/div>\n\t\t\t\t\t\t\t\t<\/div>\n\t\t\t\t\t<\/div>\n\t\t<\/section>\n\t\t\t\t\t\t\t\t\t<\/div>\n\t\t\t<\/div>\n\t\t\t\t\t<\/div>\n\t\t","protected":false},"excerpt":{"rendered":"<p>Explore The Worlds People Don\u2019t Take, Trips Take People Tour Guests&#160;0 0 Children 0 Adult 0 Guests Apply Locations Locations Hotel Luxury New York Hotel Nara Dubai Hotel Nomad London [&hellip;]<\/p>\n","protected":false},"author":2,"featured_media":0,"parent":0,"menu_order":0,"comment_status":"closed","ping_status":"closed","template":"","meta":{"footnotes":""},"_links":{"self":[{"href":"https:\/\/superumrah.com\/index.php?rest_route=\/wp\/v2\/pages\/37"}],"collection":[{"href":"https:\/\/superumrah.com\/index.php?rest_route=\/wp\/v2\/pages"}],"about":[{"href":"https:\/\/superumrah.com\/index.php?rest_route=\/wp\/v2\/types\/page"}],"author":[{"embeddable":true,"href":"https:\/\/superumrah.com\/index.php?rest_route=\/wp\/v2\/users\/2"}],"replies":[{"embeddable":true,"href":"https:\/\/superumrah.com\/index.php?rest_route=%2Fwp%2Fv2%2Fcomments&post=37"}],"version-history":[{"count":1,"href":"https:\/\/superumrah.com\/index.php?rest_route=\/wp\/v2\/pages\/37\/revisions"}],"predecessor-version":[{"id":575,"href":"https:\/\/superumrah.com\/index.php?rest_route=\/wp\/v2\/pages\/37\/revisions\/575"}],"wp:attachment":[{"href":"https:\/\/superumrah.com\/index.php?rest_route=%2Fwp%2Fv2%2Fmedia&parent=37"}],"curies":[{"name":"wp","href":"https:\/\/api.w.org\/{rel}","templated":true}]}}